 k be ((-26)/(-2))/(17/t). What is the highest common divisor of k and 39?
39
Let n be ((-87)/6)/(-6 + (-10965)/(-1830)). What is the highest common factor of 58 and n?
29
Suppose 6*d - 124 = 10*d. Let f = d + 21. Let i(g) = -g**2 - 13*g + 8. Let t be i(f). Calculate the greatest common divisor of 38 and t.
38
Let a be (-2)/1 + (30 + -3)*87/9. Calculate the greatest common divisor of a and 77.
7
Let y(u) = u - 64. Let x be y(-21). Let w be (x - (-1 + -4))/(-2). What is the highest common factor of 10 and w?
10
Suppose 3 = -3*q + 21. Let v(f) = -f**2 + 6*f + 13. Let u be v(q). Suppose 5*d = 68 - u. What is the highest common factor of 11 and d?
11
Let z = 19 + -27. Let s be ((z/(-3))/(-4))/((-2)/69). Let d = s - 21. What is the greatest common divisor of d and 6?
2
Suppose 2*f = -s + 13, 10*s = 6*s + 4*f + 4. Suppose -s*i - 3 = -18. What is the greatest common divisor of 21 and i?
3
Let d(l) = 94*l - 4065. Let k be d(51). Calculate the greatest common factor of 2430 and k.
243
Let h be (-25)/(-6 + (-2094)/(-348)). Let k be h/3*18/(-12). What is the highest common factor of 25 and k?
25
Suppose -2*p + 3*f + 39 = 0, -3*p + f + 70 = 1. Calculate the greatest common factor of p and 846.
6
Let q(l) = 6*l**2 + 29 - 24 - 5*l - l**2. Let a be q(-3). Calculate the greatest common factor of 52 and a.
13
Let v = 353 + -315. Let h be (-12)/30 + (-1144)/(-10). Calculate the highest common factor of v and h.
38
Let h = 8965 - 8924. Calculate the highest common factor of h and 2419.
41
Let v be (11 - (8 - -3)) + (4604 - -1) - -6. Calculate the greatest common divisor of v and 159.
159
Suppose -10*z + 2223 = 5*t - 13*z, -6*z + 438 = t. What is the greatest common divisor of 24 and t?
12
Let d = -127 + 228. Suppose -3*b - 2*u = -d, -11*b + 4*u + 95 = -8*b. Calculate the greatest common factor of 11 and b.
11
Let b(i) = -10*i - 201. Let q be b(-18). Suppose 53 = -3*a - 61. Let k be (q/6 - -3)*a. Calculate the highest common divisor of 19 and k.
19
Let t be 2/1 + -3 + 5. Suppose -2*a + 2*y = 3080, 5*y + 1540 = -a + 2*y. Let w = -1537 - a. Calculate the highest common divisor of t and w.
1
Suppose -3*w + 1 = -2*o, -2*w - 2*o + 4 = -0. Let v be (w - 5)/(-4)*10. What is the greatest common divisor of v and 12?
2
Let h be (198/4)/(1*4*(-20)/(-160)). Calculate the highest common factor of 473 and h.
11
Let a(x) = 454*x + 131. Let n be a(5). Suppose -2*k - 2395 = -3*y, y + 4*k = -2*y + n. Calculate the greatest common factor of 47 and y.
47
Let c(z) = 126*z - 3750. Let k be c(31). Calculate the highest common factor of 192 and k.
12
Suppose x + 2*o = 18, -o = 2*x + x - 34. Suppose 13*s - x*s - 48 = 0. What is the greatest common divisor of 16 and s?
16
Let y be (42/8)/((-2996)/(-82176)). What is the greatest common divisor of 22608 and y?
144
Let k = 48891 + -26151. What is the greatest common divisor of k and 20?
20
Let x(t) = t + 28. Let m be x(-26). Suppose -2*h + 5*h = m*g + 316, 2*g - 8 = 0. What is the greatest common factor of 72 and h?
36
Let h be (-83 + (-6 - -5))*3/4. Let a be (21/h)/((-2)/564). Calculate the greatest common factor of 1034 and a.
94
Let y = 1950 - 1872. What is the highest common factor of 1842 and y?
6
Suppose 3*p - 5*c - 836 = 0, -2*p + c + 2*c = -559. Suppose -59*n + 165*n - 252 = 70*n. What is the highest common divisor of p and n?
7
Suppose 4*b + 32 = 5*b. Suppose 3*v = 2 - 17, -4*v = -2*m + 144. Suppose m + 2 = 4*y. What is the highest common factor of b and y?
16
Let m = 43 + -41. Suppose -3*n - m*p = 2*n - 310, 2*n + 3*p - 113 = 0. Let s = 111 - 103. Calculate the highest common factor of s and n.
8
Let x = 6562 + -6307. What is the greatest common divisor of 51 and x?
51
Let k = -41695 - -70022. Calculate the highest common divisor of 13 and k.
13
Let u = 2927 + -1211. Suppose 6*l + u = 17*l. What is the greatest common divisor of 6 and l?
6
Suppose -8*w - 5 = -181. Suppose -5*x + 130 = -5*l, -5*l - w = -4*x + 3*x. Let v = x + -14. What is the highest common factor of 117 and v?
13
Let m = 80 - 60. Suppose 126 = -m*f + 13*f. Let v be 19/3 - ((-48)/f)/(-4). What is the greatest common divisor of 21 and v?
7
Let i be (1 + 49)/(9 + (-77)/11). Let a be ((-20)/(-50))/(1/i). Calculate the highest common divisor of 6 and a.
2
Let s(j) = -j**3 + 8*j**2 - 5*j - 11. Suppose 20*g = 76 + 64. Let k be s(g). Calculate the highest common divisor of 6 and k.
3
Suppose -255 = -19*t + 733. Let k = 91 + -65. What is the highest common factor of t and k?
26
Let p(w) = -7*w**3 - 32*w**2 - 51*w - 33. Let z be p(-8). What is the highest common divisor of 507 and z?
39
Suppose -3*f + 6 = 0, 177*o - 5*f - 566 = 174*o. Suppose -r + 6 = -6. What is the highest common divisor of o and r?
12
Let m(o) = -25*o + 5. Let s be m(0). Suppose 12 - 37 = -s*f. What is the highest common divisor of 170 and f?
5
Let m = -100 + 309. Suppose 3*c = 22*c - m. Calculate the highest common factor of 319 and c.
11
Let r(p) = -2*p**2 + 57*p - 333. Let o(f) = -f**2 + 28*f - 165. Let v(m) = -5*o(m) + 3*r(m). Let x be v(23). What is the greatest common divisor of x and 470?
10
Let l be 2/36*76 - 2/9. Suppose 0*h + 164 = l*h. Suppose -4*a - h = -2*r - 289, -3*r = -6. What is the highest common divisor of 21 and a?
21
Let h(x) = x**3 - 8*x**2 - 5*x - 14. Let j be h(6). Let f = j - -125. Let p = 182 + -101. What is the highest common divisor of f and p?
9
Suppose 0 = -0*x - 2*x + 5*o + 21, -5*x + 44 = -4*o. Let l(z) = 2*z**3 - 13*z**2 - 13*z + 16. Let s be l(x). What is the highest common divisor of s and 78?
26
Let l(h) = -h**3 + 38*h**2 - 22*h - 538. Let n be l(37). Calculate the greatest common divisor of n and 6341.
17
Let v = 929 + -821. What is the greatest common factor of v and 3888?
108
Suppose 4*a - 441 = -3*s, 0 = a - 3*s - 55 - 44. Let b = -92 + a. What is the greatest common factor of 16 and b?
16
Let t = 80 - -5. Let u(a) = -7*a + 17. Let w be u(0). Calculate the greatest common factor of w and t.
17
Let q(a) = a**2 + 6*a - 6. Let p be q(-8). Let o(l) = 6*l + 20. Let w be o(p). Let m = 26 - 16. What is the greatest common divisor of m and w?
10
Let s = 8459 + -8420. What is the greatest common divisor of s and 90?
3
Let l be (-5)/(10/(-8)) - -6. Suppose g = 3*g - l. Suppose g*n + 0*m - 28 = 4*m, 1 = -n + 3*m. Calculate the highest common divisor of n and 32.
8
Let g(j) be the first derivative of -50*j - 5/2*j**2 + 10. Let f be g(-15). What is the highest common factor of 5 and f?
5
Let n = -8127 + 8133. What is the highest common factor of 8286 and n?
6
Suppose 45*m + 64*m - 29975 = 0. Calculate the highest common divisor of 33 and m.
11
Let v(m) = -m. Let d be v(-8). Let r(i) = -4*i**2 - 11*i - 12. Let a be r(-5). Let t = a + 121. What is the greatest common divisor of d and t?
8
Suppose 0 = -19*v - 904 + 14698. What is the highest common divisor of v and 605?
121
Let d be 588/33 - (-2)/11. Let o(j) = -j**3 + 19*j**2 - 16*j - 14. Let h be o(d). Calculate the greatest common divisor of h and 946.
22
Let z be -5 + 3 - (-8 - 0). Suppose -z*v = -3*v - 60. Suppose 683*s - 695*s + 360 = 0. Calculate the highest common divisor of s and v.
10
Let r = -2286 + 2642. Calculate the greatest common divisor of r and 4.
4
Let a = 2069 + -1168. Let d = a + -886. Let f = 15 + -6. Calculate the greatest common divisor of d and f.
3
Suppose -2*n = 5*x - 486, 11*n = 14*n + x - 729. Suppose -n - 189 = -12*j. Calculate the highest common factor of 234 and j.
18
Let s be (-3 - (-1 - 2)) + (7 - 5). Let c = 1 + s. Let n(t) = -4*t + 2. Let h be n(-7). Calculate the highest common factor of h and c.
3
Let r(j) = -94*j - 340. Let b be r(-4). Calculate the highest common factor of 3474 and b.
18
Suppose 4*w = -3*y + 117, 5*y - 2*w - 172 = -w. Suppose -37*v = -y*v - 54. What is the greatest common factor of v and 72?
9
Suppose 2*l + 2*l - 36 = 0. Suppose 7*f + 424 = 10*f - 4*y, -3*f + 2*y + 428 = 0. What is the highest common factor of l and f?
9
Suppose 3*v - z - 162 - 83 = 0, -3*v - 5*z = -215. Calculate the highest common divisor of 30 and v.
10
Let h = 16 - -70. Let p(v) = 20 + h*v - 92*v + 22. Let d be p(-13). Calculate the highest common factor of 30 and d.
30
Suppose -2*x = -o + 2, 7 + 10 = -4*o + 3*x. Let g(v) = 7*v + 92. Let s be g(o). Calculate the greatest common divisor of s and 4.
4
